. Let x be l(2). Let t = 3 - x. What is the units digit of t/(3/(-2))*12?
8
Suppose -4*d - 184 = -564. What is the tens digit of d?
9
Let q(x) = -x**3 + 4*x**2 - 3*x - 2. Let i be q(3). Let r = 5 - 3. Let m = r - i. What is the units digit of m?
4
Let i = 82 + -48. Let r(x) = x**3 + 3*x**2 - 6*x - 4. Let m be r(-4). Suppose -18 = -m*b + i. What is the units digit of b?
3
Suppose -b = 5, b - 23 + 8 = -5*l. Suppose -19 = -2*o - 3*c, -l = o + 2*c - 14. What is the units digit of o?
8
Let t(p) = -p**3 - 3*p**2 + 5*p - 12. What is the tens digit of t(-5)?
1
Let d(z) = -6*z + 10. What is the tens digit of d(-11)?
7
Suppose -2*m + 1 = -3. Suppose m*i - 4*i + 4 = 0. What is the units digit of i?
2
Suppose 2*m + x + 0 = 4, -3*m = -2*x - 13. Suppose 0 = -3*k - 4*q + m, 1 = -4*k - q + 5. What is the units digit of k?
1
Suppose 0 = -u - 3*u - 80. What is the units digit of 5/(u/12) - -5?
2
Suppose 2*j + 2*j - 8 = -4*u, j + 10 = -5*u. Let x = u + 25. What is the units digit of x?
2
Let d = 7 - 5. Let j be d - (-1 + 7 - 0). What is the units digit of 228/j*(-2)/6?
9
Let j be 13/11 - 4/22. Let t be 1*-1*(6 - j). What is the units digit of 6/3 + (0 - t)?
7
Let s = -17 + 27. Suppose -13 - 17 = -5*m. Let k = s - m. What is the units digit of k?
4
Let m = -17 - -33. What is the tens digit of m?
1
Let r = 3 - -2. Suppose -r*t = -t - 12. What is the units digit of 2 + (t - 1*-2)?
7
Suppose -2*f + 4*k + 1 = -57, 5*k = 2*f - 63. What is the units digit of f?
9
Suppose 0 = -2*t, -6*r = -r + 2*t. Let w be r + 0 + 4 - -2. Suppose 3*d - f = -w*f - 7, -4*f - 9 = -d. What is the units digit of d?
1
Let i(s) = s**2 - 8*s + 5. Let a be i(8). Suppose a*c = -6 + 21. Suppose -4*j - 17 = -5*r - 5*j, 0 = 3*r - 3*j - c. What is the units digit of r?
3
Let v = 96 + -62. Suppose 2*q = 5*t + 12 + v, 35 = 3*q + t. What is the tens digit of q?
1
Suppose -102 = -2*b - 26. What is the tens digit of b?
3
Suppose -x + 40 - 6 = 0. Let r be (-3)/(-6) + x/4. Suppose n = -4*f + 17, 2*n - r = f - 4*f. What is the units digit of f?
5
Let p(l) = 3*l**2 - 13*l + 2. Let a(i) = -16*i**2 + 65*i - 10. Let y(n) = 2*a(n) + 11*p(n). What is the tens digit of y(14)?
1
Suppose 5*y + 0 = -25. What is the tens digit of (-396)/(-60)*(0 - y)?
3
Let p(s) = s - 5. Let q be p(3). Let g(c) = -c + 8. Let k(f) = -9. Let y(h) = 7*g(h) + 6*k(h). What is the units digit of y(q)?
6
Suppose 6*l - 308 - 82 = 0. What is the units digit of l?
5
Let r(p) = p**2 + p + 4. What is the units digit of r(0)?
4
Let z = 0 + 4. Suppose -4*o + 0 = -4*m + z, 4*m - 3*o = 7. What is the units digit of m?
4
What is the hundreds digit of (546/(-10))/((-9)/45)?
2
Suppose -7*r = -354 - 115. What is the tens digit of r?
6
Let p(w) = -2*w - 4. Let g be p(-3). Let f be (-13 + -1*g)*-1. Suppose 3*q - f = -3*b, -3*b - 4 = -b. What is the units digit of q?
7
Let g be 5 - 0*(-1)/(-2). Suppose 4*v - 36 = -4*j, 5*v + 5*j - 31 = v. Suppose b - v = -5*c, -g*c = -5*b - 0 + 10. What is the units digit of b?
4
Suppose z + 885 = 5*d, -5*d + 0*d = -3*z - 895. What is the units digit of d?
6
Let g(r) be the second derivative of r**3/2 + r**2 + r. Let m be g(8). Let f = m + -18. What is the units digit of f?
8
Suppose -2*i + 16 = -26. What is the tens digit of i?
2
Let c = 16 + -13. What is the units digit of (-3 - -3 - -18) + c?
1
Let v = -1 + 1. Suppose 0 = -y - v*y - 2. Let j(p) = -p**3 - 2*p**2 - 2*p + 2. What is the units digit of j(y)?
6
Let t be ((-4)/3)/(2/(-3)). Suppose 3*d - 16 = -5*u + 1, -12 = -t*d - 4*u. Suppose 2*s - 27 = -c - d*c, -2*c + 46 = 4*s. What is the tens digit of s?
1
Let i = 3 - 0. Suppose -i*v = -v - 30. What is the tens digit of v?
1
Let v = 88 + -15. Suppose 5*y - v = -2*a, 5*y = -0*y + 5*a + 45. Suppose -3*n - y + 52 = 0. What is the tens digit of n?
1
Let p(h) = -h**2 - 8*h + 6. Let c be p(-8). Suppose 3*q + k + 2*k = -168, -204 = 4*q - k. What is the tens digit of (3/c)/((-2)/q)?
1
What is the units digit of (-804)/(-18) - (-2)/6?
5
Let u be ((-20)/(-6) + -2)*3. Let g = -2 + u. What is the units digit of g?
2
Suppose 0 = 4*x + 5*f - 29, 0 = 5*x + 2*f + 4 - 36. Suppose 0 = b - x*b + 10. Suppose 2*s - 3*s - 2 = -3*g, 5*g + b*s - 18 = 0. What is the units digit of g?
2
Let m = -125 + 204. Suppose -2*s - 46 = -2*z, -6*z + 5*s + m = -3*z. What is the tens digit of z?
1
Suppose 4*x = -3*i + 484, -2*x - 306 = -2*i + 12. What is the tens digit of i?
6
Let k(u) = 2*u + 1. Let t be k(3). Suppose -t*w = -3*w - 24. Let j = 13 - w. What is the units digit of j?
7
Let g = 91 - 15. What is the units digit of g?
6
What is the units digit of (3/2)/(((-312)/(-3232))/13)?
2
Let d(b) = 10*b - 6. Let f(x) = x - 1. Let v(j) = -2*d(j) + 22*f(j). What is the units digit of v(7)?
4
Let x(o) = -o**2 + 1. Let p(w) = -2*w**2 - 3*w - 6. Let y(f) = -p(f) - 5*x(f). Let v(h) = -h + 2. Let d be v(4). What is the tens digit of y(d)?
2
Let z be (40/(-4))/(2/(-1)). Let o = 15 - z. Let y = o - 3. What is the units digit of y?
7
Let k(d) = -d**3 - 10*d**2 - 12*d - 18. What is the tens digit of k(-10)?
0
Suppose 3*c + c - 46 = -3*u, -4*u = c - 70. Suppose -4*x + 2*x + u = 0. Suppose b - x = -p - 4*b, p - 8 = -4*b. What is the units digit of p?
4
Let q be (0 + 3)/((-2)/(-8)). What is the units digit of q - (-2 - 0) - 0?
4
Suppose 5*i = -u + 11 + 2, 3*i - 120 = -4*u. What is the units digit of u?
3
Let m(w) = w**2 + 5*w - 8. What is the units digit of m(-7)?
6
Suppose -12*q = -1093 - 431. What is the tens digit of q?
2
Let j be 1 + ((-2)/2 - -2). Suppose j*b - 4*b - 48 = 0. What is the units digit of b/(-2) + 3/(-3)?
1
Suppose 2*t = -3*h + 17, t - 8 = -5*h + 4. What is the units digit of t?
7
Let p(c) = 2*c**2 + 2*c + 3. Let o be (-2*3)/(6/(-4)). Suppose 5*x = 5*g - 35, -33 = o*x + 5*g - 10*g. What is the units digit of p(x)?
7
Let w = 9 - 5. Suppose 26 = w*x - j + 2, -5*x = 3*j - 47. What is the units digit of x?
7
Suppose -8 = w - 3*w. Let y = 4 + w. What is the units digit of y?
8
Let v = 2 - 0. Let p be (v/(-2) - 0) + 4. What is the units digit of 14 - (1/1 - p)?
6
Let v(n) = n**3 + 7*n**2. Let y be v(-7). Let d be y + 3*(-2)/(-2). Suppose -2*g = 4*w + 2*g - 24, -d*w + 10 = g. What is the units digit of w?
2
Suppose -3*n - n - 8 = 0. Let l = n - -3. What is the units digit of l?
1
Suppose 0 = 4*y + 3*x - 332, 0*y - 3*x - 83 = -y. What is the units digit of y?
3
Let b = -9 - -59. What is the units digit of b?
0
Let d(h) = -3*h**2 + 6*h**2 + 3*h**2 - h + 4*h**2. What is the units digit of d(1)?
9
Suppose 4*c = 5*z + 92, -47 = -3*c - 5*z + 22. Suppose 5*a + 3*m + 2 = c, 9 = a + 3*m. Suppose a*h = -13 + 40. What is the units digit of h?
9
Suppose -3407 = -11*w - 118. What is the hundreds digit of w?
2
Let g(k) = -128*k. Let x be g(-1). Suppose f = -3*f + x. What is the tens digit of f?
3
Let i be (-4)/(1/(3/(-6))). Suppose -5*h + 14 = -1. Suppose -h*k + 17 = i. What is the units digit of k?
5
Let q = 11 - 7. Let o(a) = -a + 7. Let k be o(q). Suppose -k*g + 3*x + 18 + 9 = 0, -x + 24 = 2*g. What is the tens digit of g?
1
Let o = -119 - -173. What is the units digit of o?
4
Let h be (-20)/10*(-1 - 0). Suppose -h*j = -20 - 2. What is the tens digit of j?
1
Let d(q) = q**2 + 1. Let n(t) = 10*t**2 + 4. Let x(h) = -3*d(h) + n(h). What is the units digit of x(-1)?
8
Suppose 147 + 357 = 7*a. What is the units digit of a?
2
Suppose 0*k - 46 = 5*q + 2*k, 5*k - 20 = q. Let s = q - -12. What is the units digit of s?
2
Let r = -5 + 0. Let a be (-2)/(-4) - r/2. Suppose -a*q - 4 + 40 = 0. What is the units digit of q?
2
Let p be 62/5 + (-4)/10. Let c = 18 - p. What is the units digit of 45/c*4/5?
6
Suppose -2*m + 39 = -11. What is the units digit of m?
5
Let n(w) = w**2 - 2*w - 11. Let i(o) = 2*o**2 - 4*o - 21. Let q(r) = 4*i(r) - 7*n(r). What is the units digit of q(6)?
7
Let z(c) = -c**2 + 5*c - 6. Let f(n) = 2*n**2 - 5*n + 7. Let b = 6 - 3. Let o(v) = b*z(v) + 2*f(v). What is the tens digit of o(-7)?
1
Suppose 7*w - 238 = 3*w - 5*k, 2*k + 110 = 2*w. Let v = w + -22. What is the tens digit of v?
3
Let h(o) = o**2 + 7*o - 7. Let k = 13 + -22. What is the tens digit of h(k)?
1
Let t(p) be the third derivative of -p**5/60 - 7*p**4/24 - p**3/3 - p**2. Let l be t(-7). What is the units digit of (-4)/6*21/l?
7
Let j = 12 - -5. What is the tens digit of j?
1
Let a = 29 - -13. What i